{"id":845,"date":"2022-08-04T19:40:52","date_gmt":"2022-08-04T17:40:52","guid":{"rendered":"https:\/\/ranjana-voyance.fr\/?page_id=845"},"modified":"2022-08-05T12:29:13","modified_gmt":"2022-08-05T10:29:13","slug":"charte-de-deontologie","status":"publish","type":"page","link":"https:\/\/ranjana-voyance.fr\/index.php\/charte-de-deontologie\/","title":{"rendered":"Charte de d\u00e9ontologie"},"content":{"rendered":"\t\t<div data-elementor-type=\"wp-page\" data-elementor-id=\"845\" class=\"elementor elementor-845\">\n\t\t\t\t\t\t<section class=\"elementor-section elementor-top-section elementor-element elementor-element-eae4ea2 elementor-section-boxed elementor-section-height-default elementor-section-height-default\" data-id=\"eae4ea2\" data-element_type=\"section\">\n\t\t\t\t\t\t<div class=\"elementor-container elementor-column-gap-default\">\n\t\t\t\t\t<div class=\"elementor-column elementor-col-100 elementor-top-column elementor-element elementor-element-d80363f\" data-id=\"d80363f\" data-element_type=\"column\">\n\t\t\t<div class=\"elementor-widget-wrap elementor-element-populated\">\n\t\t\t\t\t\t<div class=\"elementor-element elementor-element-b08d015 elementor-widget elementor-widget-text-editor\" data-id=\"b08d015\" data-element_type=\"widget\" data-widget_type=\"text-editor.default\">\n\t\t\t\t<div class=\"elementor-widget-container\">\n\t\t\t<style>\/*! elementor - v3.20.0 - 26-03-2024 *\/\n.elementor-widget-text-editor.elementor-drop-cap-view-stacked .elementor-drop-cap{background-color:#69727d;color:#fff}.elementor-widget-text-editor.elementor-drop-cap-view-framed .elementor-drop-cap{color:#69727d;border:3px solid;background-color:transparent}.elementor-widget-text-editor:not(.elementor-drop-cap-view-default) .elementor-drop-cap{margin-top:8px}.elementor-widget-text-editor:not(.elementor-drop-cap-view-default) .elementor-drop-cap-letter{width:1em;height:1em}.elementor-widget-text-editor .elementor-drop-cap{float:left;text-align:center;line-height:1;font-size:50px}.elementor-widget-text-editor .elementor-drop-cap-letter{display:inline-block}<\/style>\t\t\t\t<p style=\"text-align: justify;\">Je tiens \u00e0 ce que ma pratique de la cartomancie se fasse avec <strong>bienveillance<\/strong>, <strong>honn\u00eatet\u00e9<\/strong> et <strong>s\u00e9rieux<\/strong>.<\/p><p style=\"text-align: justify;\">Ainsi, vous ne trouverez pas ici de magie noire, de services qui s&#8217;apparentent \u00e0 de la sorcellerie ou de prise de contact avec les d\u00e9funts. Chaque tirage est le fruit d&#8217;un travail, d&#8217;une analyse des cartes, d&#8217;une r\u00e9flexion sur ce qu&#8217;elles r\u00e9v\u00e8lent des m\u00e9canismes inconscients qui structurent d\u00e9j\u00e0 votre vie et qui conditionnent vos possibles. Je m&#8217;engage donc au travail et \u00e0 l&#8217;\u00e9tude concernant ma pratique afin d&#8217;am\u00e9liorer sans cesse la qualit\u00e9 de mes tirages. Par ailleurs, je privil\u00e9gie toujours le libre-arbitre et ne cherche pas \u00e0 exercer une influence sur mon consultant. Mes prestations offrent une pr\u00e9vention de l&#8217;avenir, c&#8217;est-\u00e0-dire qu&#8217;elles mettent en lumi\u00e8re les possibilit\u00e9s de choix qui s&#8217;offrent au consultant et ce qui pourraient en r\u00e9sulter.<\/p><p>Chaque tirage a pour but de permettre au consultant :<\/p><ul><li>D&#8217;y voir plus clair dans les instants difficiles ;<\/li><li>De prendre les meilleures d\u00e9cisions pour lui-m\u00eame ;<\/li><li>D&#8217;avoir une meilleure connaissance de son unicit\u00e9 ;<\/li><li>D&#8217;appr\u00e9hender chaque journ\u00e9e avec davantage d&#8217;espoir et de discernement ;<\/li><li>D&#8217;accomplir le destin qu&#8217;il souhaite.<\/li><\/ul>\t\t\t\t\t\t<\/div>\n\t\t\t\t<\/div>\n\t\t\t\t\t<\/div>\n\t\t<\/div>\n\t\t\t\t\t<\/div>\n\t\t<\/section>\n\t\t\t\t<\/div>\n\t\t","protected":false},"excerpt":{"rendered":"<p>Je tiens \u00e0 ce que ma pratique de la cartomancie se fasse avec bienveillance, honn\u00eatet\u00e9 et s\u00e9rieux. Ainsi, vous ne trouverez pas ici de magie noire, de services qui s&#8217;apparentent \u00e0 de la sorcellerie ou de prise de contact avec les d\u00e9funts. Chaque tirage est le fruit d&#8217;un travail, d&#8217;une analyse des cartes, d&#8217;une r\u00e9flexion [&hellip;]<\/p>\n","protected":false},"author":1,"featured_media":0,"parent":0,"menu_order":0,"comment_status":"closed","ping_status":"closed","template":"","meta":{"site-sidebar-layout":"no-sidebar","site-content-layout":"page-builder","ast-site-content-layout":"","site-content-style":"default","site-sidebar-style":"default","ast-global-header-display":"","ast-banner-title-visibility":"","ast-main-header-display":"","ast-hfb-above-header-display":"","ast-hfb-below-header-display":"","ast-hfb-mobile-header-display":"","site-post-title":"","ast-breadcrumbs-content":"","ast-featured-img":"disabled","footer-sml-layout":"","theme-transparent-header-meta":"","adv-header-id-meta":"","stick-header-meta":"","header-above-stick-meta":"","header-main-stick-meta":"","header-below-stick-meta":"","astra-migrate-meta-layouts":"default","ast-page-background-enabled":"default","ast-page-background-meta":{"desktop":{"background-color":"var(--ast-global-color-4)","background-image":"","background-repeat":"repeat","background-position":"center center","background-size":"auto","background-attachment":"scroll","background-type":"","background-media":"","overlay-type":"","overlay-color":"","overlay-gradient":""},"tablet":{"background-color":"","background-image":"","background-repeat":"repeat","background-position":"center center","background-size":"auto","background-attachment":"scroll","background-type":"","background-media":"","overlay-type":"","overlay-color":"","overlay-gradient":""},"mobile":{"background-color":"","background-image":"","background-repeat":"repeat","background-position":"center center","background-size":"auto","background-attachment":"scroll","background-type":"","background-media":"","overlay-type":"","overlay-color":"","overlay-gradient":""}},"ast-content-background-meta":{"desktop":{"background-color":"var(--ast-global-color-5)","background-image":"","background-repeat":"repeat","background-position":"center center","background-size":"auto","background-attachment":"scroll","background-type":"","background-media":"","overlay-type":"","overlay-color":"","overlay-gradient":""},"tablet":{"background-color":"var(--ast-global-color-5)","background-image":"","background-repeat":"repeat","background-position":"center center","background-size":"auto","background-attachment":"scroll","background-type":"","background-media":"","overlay-type":"","overlay-color":"","overlay-gradient":""},"mobile":{"background-color":"var(--ast-global-color-5)","background-image":"","background-repeat":"repeat","background-position":"center center","background-size":"auto","background-attachment":"scroll","background-type":"","background-media":"","overlay-type":"","overlay-color":"","overlay-gradient":""}},"footnotes":""},"class_list":["post-845","page","type-page","status-publish","hentry"],"aioseo_notices":[],"jetpack_sharing_enabled":true,"_links":{"self":[{"href":"https:\/\/ranjana-voyance.fr\/index.php\/wp-json\/wp\/v2\/pages\/845","targetHints":{"allow":["GET"]}}],"collection":[{"href":"https:\/\/ranjana-voyance.fr\/index.php\/wp-json\/wp\/v2\/pages"}],"about":[{"href":"https:\/\/ranjana-voyance.fr\/index.php\/wp-json\/wp\/v2\/types\/page"}],"author":[{"embeddable":true,"href":"https:\/\/ranjana-voyance.fr\/index.php\/wp-json\/wp\/v2\/users\/1"}],"replies":[{"embeddable":true,"href":"https:\/\/ranjana-voyance.fr\/index.php\/wp-json\/wp\/v2\/comments?post=845"}],"version-history":[{"count":14,"href":"https:\/\/ranjana-voyance.fr\/index.php\/wp-json\/wp\/v2\/pages\/845\/revisions"}],"predecessor-version":[{"id":871,"href":"https:\/\/ranjana-voyance.fr\/index.php\/wp-json\/wp\/v2\/pages\/845\/revisions\/871"}],"wp:attachment":[{"href":"https:\/\/ranjana-voyance.fr\/index.php\/wp-json\/wp\/v2\/media?parent=845"}],"curies":[{"name":"wp","href":"https:\/\/api.w.org\/{rel}","templated":true}]}}